1c
In base 4, what is 3 - 20202?
-20133
In base 13, what is -c15 + -5?
-c1a
In base 4, what is 1030 - 2101?
-1011
In base 2, what is -110 - 101?
-1011
In base 13, what is -15cb - -4?
-15c7
In base 7, what is -1443 + -3?
-1446
In base 13, what is 1c + 67?
86
In base 8, what is -5 + 654?
647
In base 9, what is 1536 + 4?
1541
In base 8, what is -3 - 311?
-314
In base 2, what is 100011110100 - -10?
100011110110
In base 3, what is 11 + -11220?
-11202
In base 11, what is -184 + -1a?
-1a3
In base 2, what is -1100111100 - 11?
-1100111111
In base 16, what is 3b29 + 1?
3b2a
In base 10, what is 8 - -31?
39
In base 14, what is 2 - -365?
367
In base 3, what is -200122 - 1011?
-201210
In base 5, what is 11 + 11001?
11012
In base 4, what is -33 - -120?
21
In base 3, what is -1120211 - -10?
-1120201
In base 3, what is -101000001 - 0?
-101000001
In base 16, what is 71 - -1f?
90
In base 12, what is 10 + 4a0?
4b0
In base 5, what is 0 + 144?
144
In base 10, what is -4 - -309?
305
In base 4, what is -11 - -32?
21
In base 16, what is 2e - -9?
37
In base 8, what is -1725 + -3?
-1730
In base 11, what is 2 - -12?
14
In base 3, what is 210002022 + -11?
210002011
In base 15, what is -2 + d8?
d6
In base 7, what is -3450 + -2?
-3452
In base 10, what is 270 - 0?
270
In base 8, what is -17 - 35?
-54
In base 2, what is -100010111 + 11?
-100010100
In base 6, what is 3225 + -5?
3220
In base 15, what is 190 + 10?
1a0
In base 15, what is d - 1c?
-e
In base 10, what is 3 - -76?
79
In base 15, what is -5 + 35d?
358
In base 12, what is -1b - -46?
27
In base 6, what is -3041 + -1?
-3042
In base 8, what is 3 + 130?
133
In base 11, what is 8319 - 4?
8315
In base 5, what is -40 + 2?
-33
In base 6, what is 3443 + 2?
3445
In base 16, what is -f4 - -1?
-f3
In base 5, what is -3141 + 10?
-3131
In base 10, what is 3 - 16?
-13
In base 2, what is -10111 + 11100100?
11001101
In base 12, what is 159 - 1?
158
In base 15, what is -3 + -52?
-55
In base 3, what is 1002 - -2211?
10220
In base 14, what is -3 + -89?
-8c
In base 12, what is -4 + 0?
-4
In base 14, what is 2 - 54?
-52
In base 3, what is -20 + -222022?
-222112
In base 14, what is -64 + 1?
-63
In base 7, what is 23 + -53?
-30
In base 14, what is 492 + 1?
493
In base 5, what is 2421 - 1?
2420
In base 11, what is -6a5 - 5?
-6aa
In base 6, what is 5 + -1202?
-1153
In base 10, what is -85 - -5?
-80
In base 6, what is -1204 - -1?
-1203
In base 9, what is -46 + -46?
-103
In base 14, what is 1c81 - 1?
1c80
In base 14, what is -648 - a?
-654
In base 11, what is -126 - 16?
-141
In base 6, what is 10525 - 1?
10524
In base 10, what is 210 - 4?
206
In base 10, what is -326 - 3?
-329
In base 5, what is -3 + 20?
12
In base 8, what is -143 + -2?
-145
In base 11, what is 3 - -72?
75
In base 9, what is 64 - 8?
55
In base 12, what is -38 - -9?
-2b
In base 13, what is 12 - 4?
b
In base 11, what is 11 - -49?
5a
In base 12, what is 2 + 203?
205
In base 3, what is -2 + 1110102?
1110100
In base 7, what is -4 + 114?
110
In base 7, what is -63 + 1?
-62
In base 2, what is 1010111111000 - -100?
1010111111100
In base 8, what is -5 + -56?
-63
In base 15, what is 3 + -6d?
-6a
In base 7, what is -462 + -2?
-464
In base 8, what is 5174 - 3?
5171
In base 12, what is 7 - -175?
180
In base 6, what is 2333 - 1?
2332
In base 11, what is -2 - 503?
-505
In base 10, what is 5 + -162?
-157
In base 5, what is -23340 + 30?
-23310
In base 14, what is -dbd - -3?
-dba
In base 2, what is -101 - 1100001?
-1100110
In base 4, what is 10231320 + -3?
10231311
In base 11, what is 19 - -36?
54
In base 16, what is -3 - 1d?
-20
In base 5, what is 20001 - 1?
20000
In base 6, what is 4 + -1?
3
In base 4, what is 1012 + 100?
1112
In base 4, what is 10 + -10210?
-10200
In base 9, what is 5 + 330?
335
In base 13, what is 0 + -178?
-178
In base 7, what is 0 - -212?
212
In base 7, what is 6 - 22?
-13
In base 7, what is 2020 - -1?
2021
In base 14, what is 3 - 34?
-31
In base 3, what is 11010 - 222?
10011
In base 2, what is 1100011 + -11?
1100000
In base 7, what is -5 - 340?
-345
In base 11, what is -123 - 4?
-127
In base 11, what is 0 - 1651?
-1651
In base 2, what is -1000 - 1?
-1001
In base 11, what is -56 - -a?
-47
In base 2, what is 11 - 10?
1
In base 3, what is -10 - 10222?
-11002
In base 12, what is 3 + -1?
2
In base 3, what is 11 + 1011?
1022
In base 7, what is -3 + 110?
104
In base 9, what is 4 - 63?
-58
In base 5, what is 202 + -11?
141
In base 3, what is 10 - 1001?
-221
In base 2, what is 11100011 - -10001?
11110100
In base 12, what is 5 + -17?
-12
In base 6, what is -4 + -24?
-32
In base 12, what is -1 + 9?
8
In base 16, what is 5 + 4?
9
In base 4, what is -320020 + 0?
-320020
In base 7, what is -24 + -10?
-34
In base 3, what is -2 - 111011?
-111020
In base 16, what is -1a - -5?
-15
In base 4, what is 1 - -220321?
220322
In base 15, what is 2ac - -5?
2b2
In base 2, what is -10 + 10010?
10000
In base 12, what is 7b + -162?
-a3
In base 2, what is -1 - 11101111?
-11110000
In base 9, what is -3 + -4550?
-4553
In base 3, what is -20 - 10012?
-10102
In base 9, what is 2 - -2356?
2358
In base 12, what is 9 - 72?
-65
In base 16, what is -58c - -3?
-589
In base 3, what is -22001 + -10?
-22011
In base 2, what is -1100 - -1001111?
1000011
In base 7, what is 301 - 5?
263
In base 3, what is 1211 + 1220?
10201
In base 11, what is 337 + 1?
338
In base 12, what is -23 - 8b?
-b2
In base 16, what is -4 + -790?
-794
In base 13, what is 3 + 33?
36
In base 13, what is 2 - 951?
-94c
In base 16, what is -d8 - -2?
-d6
In base 11, what is 203 - 3?
200
In base 10, what is 2 + -1730?
-1728
In base 15, what is -4 - 119?
-11d
In base 13, what is -2 - -56?
54
In base 14, what is 4d - -1?
50
In base 2, what is 0 - -111?
111
In base 6, what is -40 - -314?
234
In base 9, what is -68 - -8?
-60
In base 6, what is 1152 + -3?
1145
In base 5, what is -3 - -23434?
23431
In base 5, what is -21343 + -14?
-21412
In base 6, what is 11 - 15?
-4
In base 7, what is -4 + 504?
500
In base 4, what is -3113 - 1?
-3120
In base 7, what is 4 + -1625?
-1621
In base 15, what is -2 + 69?
67
In base 3, what is 0 + -2020111?
-2020111
In base 14, what is -25a - 1?
-25b
In base 13, what is b + 19?
27
In base 3, what is -11001 - 2002?
-20010
In base 13, what is -14b - -24?
-127
In base 10, what is -23 + 54?
31
In base 3, what is 200021 - 0?
200021
In base 9, what is -15 + 352?
336
In base 6, what is -11522 - 0?
-11522
In base 12, what is -203 - 5?
-208
In base 6, what is -3 + -445?
-452
In base 15, what is -9 - -82b?
822
In base 15, what is -85 + -1?
-86
In base 7, what is -5 - -140?
132
In base 2, what is -10110 + -110000?
-1000110
In base 4, what is -313 + -10?
-323
In base 7, what is -4 + -55?
-62
In base 2, what is -100000 + 110000?
10000
In base 15, what is -8 - 20?
-28
In base 16, what is -76 - -3a?
-3c
In base 9, what is -36 + 650?
613
In base 4, what is 2 + 13232?
13300
In base 2, what is -11 + 100101111100?
100101111001
In base 12, what is -1647 + 5?
-1642
In base 12, what is -5a3 - a?
-5b1
In base 13, what is -9b + 0?
-9b
In base 2, what is 100000000 + 1101111?
101101111
In base 14, what is 26 + -5?
21
In base 11, what is -22 + -19?
-40
In base 3, what is -1210 - -2?
-1201
In base 6, what is -155 - 345?
-544
In base 14, what is -1 - 72?
-73
In base 2, what is 1111000111 + -11101?
1110101010
In base 9, what is -3 + -1083?
-1086
In base 2, what is 1 - 11100000?
-11011111
In base 10, what is -3 + -568?
-571
In base 7, what is -3 + -22?
-25
In base 9, what is 11352 + 3?
11355
In base 6, what is -22225 + -11?
-22240
In base 4, what is -1121 + -31?
-1212
In base 7, what is -256 + 14?
-242
In base 10, what is 14 - 30?
-16
In base 13, what is -2 - -48?
46
In base 11, what is 5 - -42?
47
In base 6, what is -442 - -40?
-402
In base 16, what is -59 - -1?
-58
In base 4, what is 21101 - 30?
21011
In base 13, what is 3983 - -4?
3987
In base 10, what is 3 + -1986?
-1983
In base 10, what is 226 + 9?
235
In base 15, what is -3 + 14?
11
In base 8, what is -13051 - 4?
-13055
In base 2, what is -11111010 + -1110111?
-101110001
In base 4, what is 2002 - -302?
2310
In base 9, what is 1 + 22?
23
In base 14, what is 60 + -34?
2a
In base 6, what is 3232 + 5?
3241
In base 5, what is -410 + -1?
-411
In base 10, what is -7 + -7?
-14
In base 7, what is 1461 - 5?
145